{"id":29358,"date":"2025-09-26T14:37:34","date_gmt":"2025-09-26T12:37:34","guid":{"rendered":"https:\/\/serwer385941.lh.pl\/autoinstalator\/serwer385941.lh.pl\/wordpress135569\/?post_type=product&#038;p=29358"},"modified":"2025-10-02T20:34:07","modified_gmt":"2025-10-02T18:34:07","slug":"pilarka-spalinowa-stihl-ms-231-rs-pro","status":"publish","type":"product","link":"https:\/\/profika.com.pl\/index.php\/produkt\/pilarka-spalinowa-stihl-ms-231-rs-pro\/","title":{"rendered":"Pilarka spalinowa STIHL MS 231 RS PRO"},"content":{"rendered":"<h4>NAJWA\u017bNIEJSZE CECHY<\/h4>\n<p><b>\u2705 SYSTEM FILTR\u00d3W POWIETRZA O D\u0141UGIEJ \u017bYWOTNO\u015aCI:<\/b> System filtr\u00f3w powietrza o d\u0142ugiej \u017cywotno\u015bci wyd\u0142u\u017ca znacz\u0105co okresy pracy pomi\u0119dzy czyszczeniami filtra. Wi\u0119ksze i ci\u0119\u017csze drobiny s\u0105 wyrzucane przez si\u0142\u0119 od\u015brodkow\u0105 na zewn\u0105trz, a nast\u0119pnie przez wznosz\u0105c\u0105 si\u0119 ramp\u0119 dodatkowo wyrzucane do g\u00f3ry. Wst\u0119pnie oczyszczone powietrze jest doprowadzane do filtra powietrza.<\/p>\n<p><b>\u2705 SILNIK STIHL 2-MIX:<\/b> Dwusuwowy silnik STIHL w technologii 2-MIX zapewnia du\u017c\u0105 moc, a przy tym oszcz\u0119dno\u015b\u0107 zu\u017cycia paliwa do 20% w por\u00f3wnaniu do dwusuwowych silnik\u00f3w STIHL o podobnej mocy, bez technologii 2-MIX. Emisja spalin spada o ok. 50%.<\/p>\n<p><b>\u2705 SYSTEM ANTYWIBRACYJNY:<\/b> Mocne wibracje przenoszone przez uchwyty urz\u0105dze\u0144 mechanicznych mog\u0105 prowadzi\u0107 do choroby wibracyjnej. Z tego powodu STIHL stworzy\u0142 system antywibracyjny. W urz\u0105dzeniach mechanicznych wyposa\u017conych w system AV strefy uchwyt\u00f3w znacznie redukuj\u0105 liczb\u0119 drga\u0144, wytwarzanych przez silnik spalinowy i pracuj\u0105ce narz\u0119dzie.<\/p>\n<p><b>\u2705 WIELOFUNKCYJNY PRZE\u0141\u0104CZNIK:<\/b> Obs\u0142uga wszystkich wa\u017cnych funkcji pilarki, takich jak rozruch na ciep\u0142o i na zimno, praca i wy\u0142\u0105czanie odbywa si\u0119 za pomoc\u0105 jednej d\u017awigni. Rozwi\u0105zanie to zapewnia wyj\u0105tkowy komfort i bezpiecze\u0144stwo obs\u0142ugi, poniewa\u017c prawa r\u0119ka przez ca\u0142y czas spoczywa na uchwycie.<\/p>\n<p><b>\u2705 KOMPENSATOR:<\/b> Wyczyszczenie filtra staje si\u0119 konieczne dopiero wtedy, gdy moc silnika wyra\u017anie spadnie. Umieszczony w ga\u017aniku kompensator STIHL sprawia, \u017ce pomimo wzrostu zanieczyszczenia filtra powietrza moc silnika, zawarto\u015b\u0107 substancji szkodliwych w spalinach oraz zu\u017cycie paliwa, przez d\u0142u\u017cszy czas pozostaj\u0105 sta\u0142e. W ten spos\u00f3b mo\u017cliwa jest d\u0142u\u017csza praca, bez konieczno\u015bci przeprowadzania czynno\u015bci serwisowych.<\/p>\n<p><b>\u2705 BOCZNY NAPINACZ PI\u0141Y \u0141A\u0143CUCHOWEJ:<\/b> \u015aruba napinacza obracana jest specjalnym pokr\u0119t\u0142em, przechodz\u0105cym przez pokryw\u0119 ko\u0142a nap\u0119dowego pi\u0142y \u0142a\u0144cuchowej. Umo\u017cliwia to unikni\u0119cie kontaktu d\u0142oni z ostr\u0105 pi\u0142\u0105 \u0142a\u0144cuchow\u0105 i ostrymi z\u0119bami zderzaka oporowego.<\/p>\n<p><b>\u2705 STIHL EMATIC-SYSTEM:<\/b> System STIHL Ematic sk\u0142ada si\u0119 z prowadnicy Ematic, pi\u0142y \u0142a\u0144cuchowej Oilomatic oraz pompy olejowej z regulacj\u0105 wydajno\u015bci wzgl. redukcj\u0105 ilo\u015bci t\u0142oczonego oleju. Specjalna konstrukcja prowadnicy i pi\u0142y \u0142a\u0144cuchowej sprawia, \u017ce ka\u017cda kropla oleju dociera dok\u0142adnie w te miejsca pi\u0142y \u0142a\u0144cuchowej, gdzie jest najbardziej potrzebna. Umo\u017cliwia to redukcj\u0119 zu\u017cycia oleju smaruj\u0105cego pi\u0142\u0119 \u0142a\u0144cuchow\u0105 do 50%.<\/p>\n<p><b>\u2705 PRAKTYCZNY KOREK ZBIORNIKA:<\/b> Specjalne, opatentowane korki zbiornik\u00f3w paliwa i oleju. Zbiorniki urz\u0105dze\u0144 mechanicznych wyposa\u017cone w takie korki mo\u017cna szybko otworzy\u0107 i zamkn\u0105\u0107 &#8211; bez u\u017cycia si\u0142y i jakichkolwiek narz\u0119dzi.<\/p>\n<p><b>\u2705 STIHL ELASTOSTART:<\/b> Ci\u015bnienie spr\u0119\u017cania powoduje podczas uruchamiania silnik\u00f3w spalinowych powstawanie odbi\u0107 obci\u0105\u017caj\u0105cych mi\u0119\u015bnie i stawy operatora. Element amortyzuj\u0105cy umieszczony w specjalnym uchwycie rozrusznika poch\u0142ania i przekazuje wyst\u0119puj\u0105ce si\u0142y zgodnie z przebiegiem cyklu spr\u0119\u017cania, umo\u017cliwiaj\u0105c tym samym p\u0142ynne uruchomienie urz\u0105dzenia bez szarpni\u0119\u0107.<\/p>\n<p><b>\u2705 FILTR HD2:<\/b> Nowy filtr HD2 wykonany jest z polietylenu i posiada nawet o 70% drobniejsze pory w por\u00f3wnaniu z filtrami flisowymi czy poliamidowymi, co w praktyce oznacza filtrowanie najdrobniejszych cz\u0105stek zanieczyszcze\u0144. Nowy filtr jest ponadto wodoodporny, nie absorbuje oleju i mo\u017cna go \u0142atwo oczy\u015bci\u0107. Okr\u0105g\u0142y kartusz filtra mo\u017cna zdemontowa\u0107 bez u\u017cycia narz\u0119dzi.<\/p>\n","protected":false},"excerpt":{"rendered":"<h4>Pilarka spalinowa STIHL MS 231 RS PRO<\/h4>\n<p>Pilarka \u0142a\u0144cuchowa STIHL MS 231 z oszcz\u0119dnym silnikiem 2-MIX to znakomita opcja dla w\u0142a\u015bcicieli posesji oraz rolnik\u00f3w, ogrodnik\u00f3w, sadownik\u00f3w do pozyskiwania i przygotowania drewna opa\u0142owego, przycinania i docinania drewna, prac budowlanych w drewnie i piel\u0119gnacji drzew na posesji. Wyposa\u017cenie: boczny napinacz pi\u0142y \u0142a\u0144cuchowej do \u0142atwego i bezpiecznego napinania pi\u0142y \u0142a\u0144cuchowej, system filtr\u00f3w powietrza o d\u0142ugiej \u017cywotno\u015bci, zapewniaj\u0105cy d\u0142ugi czas pracy pomi\u0119dzy kolejnymi czyszczeniami filtra, praktyczne korki zbiornik\u00f3w, umo\u017cliwiaj\u0105ce ich \u0142atwe i bezpieczne nape\u0142nianie.<\/p>\n","protected":false},"featured_media":29366,"template":"","meta":[],"product_brand":[70],"product_cat":[71],"product_tag":[],"class_list":{"0":"post-29358","1":"product","2":"type-product","3":"status-publish","4":"has-post-thumbnail","6":"product_brand-stihl","7":"product_cat-pilarki","9":"first","10":"instock","11":"shipping-taxable","12":"purchasable","13":"product-type-simple"},"aioseo_notices":[],"_links":{"self":[{"href":"https:\/\/profika.com.pl\/index.php\/wp-json\/wp\/v2\/product\/29358","targetHints":{"allow":["GET"]}}],"collection":[{"href":"https:\/\/profika.com.pl\/index.php\/wp-json\/wp\/v2\/product"}],"about":[{"href":"https:\/\/profika.com.pl\/index.php\/wp-json\/wp\/v2\/types\/product"}],"version-history":[{"count":2,"href":"https:\/\/profika.com.pl\/index.php\/wp-json\/wp\/v2\/product\/29358\/revisions"}],"predecessor-version":[{"id":29368,"href":"https:\/\/profika.com.pl\/index.php\/wp-json\/wp\/v2\/product\/29358\/revisions\/29368"}],"wp:featuredmedia":[{"embeddable":true,"href":"https:\/\/profika.com.pl\/index.php\/wp-json\/wp\/v2\/media\/29366"}],"wp:attachment":[{"href":"https:\/\/profika.com.pl\/index.php\/wp-json\/wp\/v2\/media?parent=29358"}],"wp:term":[{"taxonomy":"product_brand","embeddable":true,"href":"https:\/\/profika.com.pl\/index.php\/wp-json\/wp\/v2\/product_brand?post=29358"},{"taxonomy":"product_cat","embeddable":true,"href":"https:\/\/profika.com.pl\/index.php\/wp-json\/wp\/v2\/product_cat?post=29358"},{"taxonomy":"product_tag","embeddable":true,"href":"https:\/\/profika.com.pl\/index.php\/wp-json\/wp\/v2\/product_tag?post=29358"}],"curies":[{"name":"wp","href":"https:\/\/api.w.org\/{rel}","templated":true}]}}