{"id":29392,"date":"2025-09-26T15:17:33","date_gmt":"2025-09-26T13:17:33","guid":{"rendered":"https:\/\/serwer385941.lh.pl\/autoinstalator\/serwer385941.lh.pl\/wordpress135569\/?post_type=product&#038;p=29392"},"modified":"2025-09-26T15:17:33","modified_gmt":"2025-09-26T13:17:33","slug":"pilarka-spalinowa-pila-lancuchowa-stihl-ms-172","status":"publish","type":"product","link":"https:\/\/profika.com.pl\/index.php\/produkt\/pilarka-spalinowa-pila-lancuchowa-stihl-ms-172\/","title":{"rendered":"Pilarka spalinowa pi\u0142a \u0142a\u0144cuchowa Stihl MS 172"},"content":{"rendered":"<p><b>Pilarka spalinowa pi\u0142a \u0142a\u0144cuchowa Stihl MS 172<\/b><\/p>\n<p><b>Szczeg\u00f3\u0142y:<\/b><\/p>\n<p>Pilarka spalinowa STIHL MS 172 to praktyczne i wszechstronne urz\u0105dzenie do piel\u0119gnacji ogrodu. Wyposa\u017cona jest w mocny silnik STIHL 2-MIX, kt\u00f3ry \u0142\u0105czy doskona\u0142\u0105 wydajno\u015b\u0107 ci\u0119cia z niskim zu\u017cyciem paliwa. Zestaw tn\u0105cy ze standardow\u0105 pi\u0142\u0105 \u0142a\u0144cuchow\u0105 3\/8&#8221; zapewnia precyzyjne ci\u0119cie, a system antywibracyjny STIHL umo\u017cliwia prac\u0119 pilark\u0105 spalinowa MS 172 bez obci\u0105\u017cania mi\u0119\u015bni i staw\u00f3w osoby pracuj\u0105cej. Efektem jest cicha, r\u00f3wna praca pilarki \u0142a\u0144cuchowej.<\/p>\n<p>Dzi\u0119ki jedno d\u017awigniowemu systemowi sterowania wszystkie funkcje mo\u017cna obs\u0142ugiwa\u0107 jedn\u0105 r\u0119k\u0105. W przypadku przerwania pracy d\u017awignia z funkcj\u0105 Stop automatycznie powraca do pozycji roboczej i mo\u017cna j\u0105 natychmiast wznowi\u0107. Du\u017c\u0105 zalet\u0105 jest boczny napinacz \u0142a\u0144cucha, kt\u00f3ry umo\u017cliwia \u0142atwe i bezpieczne napinanie \u0142a\u0144cucha bez dotykania ostrza. Pilarka spalinowa MS 172 wyposa\u017cona jest r\u00f3wnie\u017c w z\u0142\u0105cze diagnostyczne do serwisowania pilarek \u0142a\u0144cuchowych.<\/p>\n","protected":false},"excerpt":{"rendered":"<p><b>Dane techniczne:<\/b><\/p>\n<ul>\n<li><b>D\u0142ugo\u015b\u0107 prowadnicy:<\/b> 35 cm<\/li>\n<li><b>Pojemno\u015b\u0107 skokowa:<\/b> 31,8 cm\u00b3<\/li>\n<li><b>Moc:<\/b> 1,4\/1,9 kW\/KM<\/li>\n<li><b>Ci\u0119\u017car:<\/b> 4,5 [kg] 1)<\/li>\n<li><b>Stosunek ci\u0119\u017caru do mocy:<\/b> 3,2 kg\/kW<\/li>\n<li><b>Ci\u0119\u017car systemu:<\/b> 5,18 [kg] 2)<\/li>\n<li><b>Poziom ci\u015bnienia akustycznego:<\/b> 101 dB(A) 3)<\/li>\n<li><b>Poziom mocy akustycznej:<\/b> 114 dB(A) 3)<\/li>\n<li><b>Warto\u015b\u0107 drga\u0144 strona lewa \/ prawa:<\/b> 3,5\/3,2 m\/s\u00b2 4)<\/li>\n<li><b>Podzia\u0142ka \u0142a\u0144cucha pi\u0142y:<\/b> 3\/8 \\&#8221; P<\/li>\n<li><b>CO2:<\/b> 894 g\/kWh<\/li>\n<\/ul>\n","protected":false},"featured_media":29401,"template":"","meta":[],"product_brand":[70],"product_cat":[71],"product_tag":[],"class_list":{"0":"post-29392","1":"product","2":"type-product","3":"status-publish","4":"has-post-thumbnail","6":"product_brand-stihl","7":"product_cat-pilarki","9":"first","10":"instock","11":"shipping-taxable","12":"purchasable","13":"product-type-simple"},"aioseo_notices":[],"_links":{"self":[{"href":"https:\/\/profika.com.pl\/index.php\/wp-json\/wp\/v2\/product\/29392","targetHints":{"allow":["GET"]}}],"collection":[{"href":"https:\/\/profika.com.pl\/index.php\/wp-json\/wp\/v2\/product"}],"about":[{"href":"https:\/\/profika.com.pl\/index.php\/wp-json\/wp\/v2\/types\/product"}],"version-history":[{"count":1,"href":"https:\/\/profika.com.pl\/index.php\/wp-json\/wp\/v2\/product\/29392\/revisions"}],"predecessor-version":[{"id":29403,"href":"https:\/\/profika.com.pl\/index.php\/wp-json\/wp\/v2\/product\/29392\/revisions\/29403"}],"wp:featuredmedia":[{"embeddable":true,"href":"https:\/\/profika.com.pl\/index.php\/wp-json\/wp\/v2\/media\/29401"}],"wp:attachment":[{"href":"https:\/\/profika.com.pl\/index.php\/wp-json\/wp\/v2\/media?parent=29392"}],"wp:term":[{"taxonomy":"product_brand","embeddable":true,"href":"https:\/\/profika.com.pl\/index.php\/wp-json\/wp\/v2\/product_brand?post=29392"},{"taxonomy":"product_cat","embeddable":true,"href":"https:\/\/profika.com.pl\/index.php\/wp-json\/wp\/v2\/product_cat?post=29392"},{"taxonomy":"product_tag","embeddable":true,"href":"https:\/\/profika.com.pl\/index.php\/wp-json\/wp\/v2\/product_tag?post=29392"}],"curies":[{"name":"wp","href":"https:\/\/api.w.org\/{rel}","templated":true}]}}