{"id":29412,"date":"2025-09-26T15:28:58","date_gmt":"2025-09-26T13:28:58","guid":{"rendered":"https:\/\/serwer385941.lh.pl\/autoinstalator\/serwer385941.lh.pl\/wordpress135569\/?post_type=product&#038;p=29412"},"modified":"2025-09-26T15:28:58","modified_gmt":"2025-09-26T13:28:58","slug":"prowadnica-oregon-158slhd009","status":"publish","type":"product","link":"https:\/\/profika.com.pl\/index.php\/produkt\/prowadnica-oregon-158slhd009\/","title":{"rendered":"Prowadnica Oregon 158SLHD009"},"content":{"rendered":"<h4>Prowadnica OREGON Do Pi\u0142y Pilarki 38 CM 15&#8221; 3\/8 1,5 MM &#8211; ORYGINA\u0141<\/h4>\n<p>Prowadnice Oregon AdvanceCut\u2122 HD \u0142\u0105cz\u0105 w sobie si\u0142\u0119, wytrzyma\u0142o\u015b\u0107 i wysok\u0105 wydajno\u015b\u0107, spe\u0142niaj\u0105c tym samym wymagaj\u0105ce oczekiwania profesjonalnych pilarzy. Niska waga oraz doskona\u0142e w\u0142a\u015bciwo\u015bci smarowania uk\u0142adu tn\u0105cego umo\u017cliwiaj\u0105 ci\u0105g\u0142\u0105 prac\u0119 przez ca\u0142y dzie\u0144, ograniczaj\u0105c przerwy serwisowe do minimum. Z prowadnic\u0105 AdvanceCut\u2122 HD Ty decydujesz kiedy zrobi\u0107 przerw\u0119, a nie stan Twojej prowadnicy.<\/p>\n<p>Prowadnice z serii AdvanceCut\u2122 HD posiadaj\u0105 laminowan\u0105 konstrukcj\u0119 zwi\u0119kszaj\u0105c\u0105 odporno\u015b\u0107 na uszkodzenia mechaniczne oraz wytrzyma\u0142\u0105 gwiazd\u0119 na nosie prowadnicy. Takie po\u0142\u0105czenie doskonale sprawdzi si\u0119 przy intensywnym u\u017cytkowaniu pilarki podczas \u015bcinki, okrzesywania oraz przerzynki drzew. Smuk\u0142y kszta\u0142t i niewielka masa prowadnicy zapewniaj\u0105 znakomite mo\u017cliwo\u015bci manewrowania, dzi\u0119ki czemu praca w trudno dost\u0119pnych miejscach oraz ci\u0119\u017ckim terenie staje si\u0119 \u0142atwiejsza.<\/p>\n<p>Prowadnice Oregon AdvanceCut\u2122 HD zaprojektowane z my\u015bl\u0105 o nowoczesnych pilarkach wysokoobrotowych, ciesz\u0105 si\u0119 popularno\u015bci\u0105 i du\u017cym uznaniem w\u015br\u00f3d os\u00f3b wykorzystuj\u0105cych pi\u0142y spalinowe w codziennej pracy zawodowej.<\/p>\n<p>Najwa\u017cniejsze zalety prowadnic Oregon AdvanceCut\u2122 HD:<\/p>\n<p>+ Smuk\u0142y kszta\u0142t i niska waga zapewniaj\u0105ce doskona\u0142\u0105 manewrowo\u015b\u0107<\/p>\n<p>+ Super wytrzyma\u0142a konstrukcja ze stali chromowo-molibdenowej<\/p>\n<p>+ Rowek prowadnicy o zwi\u0119kszonej odporno\u015bci na zu\u017cycie i szczerbienie<\/p>\n<p><b>Cechy prowadnicy OREGON:<\/b><\/p>\n<ul>\n<li>D\u0142ugo\u015b\u0107 15\\&#8221;<\/li>\n<li>Podzia\u0142ka 3\/8<\/li>\n<li>Szeroko\u015b\u0107 rowka na \u0142a\u0144cuch 1,5 mm<\/li>\n<li>Ko\u0144c\u00f3wka z 11 z\u0119bami mocowana 5 nitami<\/li>\n<li>Ko\u0144c\u00f3wka monta\u017cowa: <b>D009<\/b><\/li>\n<\/ul>\n<p><b>PASUJE DO MODELI:<\/b><\/p>\n<ul>\n<li><b>Husqvarna:<\/b> 365, 372XP, 160, 162, 181, 260, 266, 268, 281XP, 285, 288XP, 298, 298X, 298XG, 3120, 3120XP, 371, 371XP, 371XPG, 372, 372XPG, 380, 385, 385XP, 394, 394XP, 394XPG, 395, 395XP, 395XPG, 480, 562XP, 570, 575, 575XP, 64, 65, 66, 70, 77, 1100, 2100XP, 2101, 2101XP, 576XP, 61, 272, 185, 390,<\/li>\n<li><b>Solo:<\/b> 665, 603, 662, 667, 670, 675, 680, 681, 690, 694,<\/li>\n<li><b>Makita:<\/b> DCS6400, DCS6401, DCS7300, DCS7301, DCS9000, DCS79001, DCS9010, DCS7900,<\/li>\n<li><b>Jonsered:<\/b> 1020, 2065, 2071, 2077, 2083, 2094, 2095, 2165, 2171, 2186, 625, 630, 630 SUPER, 670, 670 CHAMP, 820,<\/li>\n<li><b>Dolmar:<\/b> PS6400, PS6400H, PS7300, PS7300H, PS7900, PS7900H, PS9000, PS9010,<\/li>\n<li><b>Partner:<\/b> 660, P7700, 710,<\/li>\n<li><b>Alpina:<\/b> PROF700, PROF800, P660, P680, P700, P750, P800,<\/li>\n<li><b>Echo:<\/b> CS350WES, CS3500, CS351WE, CS-8002,<\/li>\n<li><b>Shindaiwa:<\/b> 285, 300, 550, 577, 757, 575<\/li>\n<\/ul>\n","protected":false},"excerpt":{"rendered":"<h4>SPECYFIKACJA<\/h4>\n<ul>\n<li>Producent: Oregon<\/li>\n<li>Kategoria: Prowadnica<\/li>\n<li>Model: 158SLHD009<\/li>\n<li>D\u0142ugo\u015b\u0107 prowadnicy: <b>38 cm &#8211; 15&#8221;<\/b><\/li>\n<li>Szeroko\u015b\u0107 ogniwa prowadz\u0105cego: <b>1,5<\/b> <b>mm<\/b><\/li>\n<li>Podzia\u0142ka \u0142a\u0144cucha: <b>3\/8<\/b><\/li>\n<li>Ilo\u015b\u0107 ogniw: <b>56<\/b>.<\/li>\n<\/ul>\n","protected":false},"featured_media":29415,"template":"","meta":[],"product_brand":[104],"product_cat":[99],"product_tag":[],"class_list":{"0":"post-29412","1":"product","2":"type-product","3":"status-publish","4":"has-post-thumbnail","6":"product_brand-oregon","7":"product_cat-lancuchy","9":"first","10":"instock","11":"shipping-taxable","12":"purchasable","13":"product-type-simple"},"aioseo_notices":[],"_links":{"self":[{"href":"https:\/\/profika.com.pl\/index.php\/wp-json\/wp\/v2\/product\/29412","targetHints":{"allow":["GET"]}}],"collection":[{"href":"https:\/\/profika.com.pl\/index.php\/wp-json\/wp\/v2\/product"}],"about":[{"href":"https:\/\/profika.com.pl\/index.php\/wp-json\/wp\/v2\/types\/product"}],"version-history":[{"count":1,"href":"https:\/\/profika.com.pl\/index.php\/wp-json\/wp\/v2\/product\/29412\/revisions"}],"predecessor-version":[{"id":29417,"href":"https:\/\/profika.com.pl\/index.php\/wp-json\/wp\/v2\/product\/29412\/revisions\/29417"}],"wp:featuredmedia":[{"embeddable":true,"href":"https:\/\/profika.com.pl\/index.php\/wp-json\/wp\/v2\/media\/29415"}],"wp:attachment":[{"href":"https:\/\/profika.com.pl\/index.php\/wp-json\/wp\/v2\/media?parent=29412"}],"wp:term":[{"taxonomy":"product_brand","embeddable":true,"href":"https:\/\/profika.com.pl\/index.php\/wp-json\/wp\/v2\/product_brand?post=29412"},{"taxonomy":"product_cat","embeddable":true,"href":"https:\/\/profika.com.pl\/index.php\/wp-json\/wp\/v2\/product_cat?post=29412"},{"taxonomy":"product_tag","embeddable":true,"href":"https:\/\/profika.com.pl\/index.php\/wp-json\/wp\/v2\/product_tag?post=29412"}],"curies":[{"name":"wp","href":"https:\/\/api.w.org\/{rel}","templated":true}]}}