{"id":29558,"date":"2025-09-26T18:52:42","date_gmt":"2025-09-26T16:52:42","guid":{"rendered":"https:\/\/serwer385941.lh.pl\/autoinstalator\/serwer385941.lh.pl\/wordpress135569\/?post_type=product&#038;p=29558"},"modified":"2025-09-26T18:52:42","modified_gmt":"2025-09-26T16:52:42","slug":"kask-ochronny-dla-drwali-granit-52470003-atest","status":"publish","type":"product","link":"https:\/\/profika.com.pl\/index.php\/produkt\/kask-ochronny-dla-drwali-granit-52470003-atest\/","title":{"rendered":"Kask ochronny dla drwali Granit 52470003 ATEST"},"content":{"rendered":"<p><b>JAKO\u015a\u0106 ZAPEWNIA GRANIT PARTS GERMANY<\/b><\/p>\n<p><b>Marka:\u00a0<\/b>GRANIT PARTS GERMANY<\/p>\n<p><b>Numer artyku\u0142u: <\/b> 52470003<\/p>\n<p><b>Numery por\u00f3wnawcze: <\/b> 52470003,<\/p>\n<p><b>O produkcie:<\/b><\/p>\n<p><b>Odzie\u017c ochronna, obuwie i akcesoria GRANIT<\/b> <b>to produkty klasy premium<\/b>, kt\u00f3re spe\u0142niaj\u0105 wszystkie normy i wymagania bezpiecze\u0144stwa. Charakteryzuj\u0105 si\u0119 one solidno\u015bci\u0105 i trwa\u0142o\u015bci\u0105, co przek\u0142ada si\u0119 na komfort i mo\u017cliwo\u015b\u0107 d\u0142ugotrwa\u0142ego u\u017cytkowania produkt\u00f3w. Dobra ergonomia produkt\u00f3w BHP pozwala na d\u0142ug\u0105, wygodn\u0105 i bezpieczn\u0105 prac\u0119.<\/p>\n<p><b>O producencie:<\/b><\/p>\n<p><b>GRANIT to uznana i renomowana marka,<\/b> kt\u00f3ra zajmuje si\u0119 szeroko poj\u0119t\u0105 produkcj\u0105 cz\u0119\u015bci zamiennych. GRANIT oferuje szerok\u0105 gam\u0119 produkt\u00f3w dla <b>rolnictwa,<\/b> <b>przemys\u0142u, le\u015bnictwa i ogrodnictwa.<\/b><\/p>\n","protected":false},"excerpt":{"rendered":"<h4>Kask ochronny dla pilarza CLASSIC GRANIT 52470003<\/h4>\n<p><b>Parametry techniczne:<\/b><\/p>\n<p>dla profesjonalnego u\u017cytkownika, wygodny i kompletny<\/p>\n<p>\u2022 kas ochronny testowany zgodnie z EN397<\/p>\n<p>\u2022 ochrona twarzy zgodnie z EN166 i EN 173<\/p>\n<p>\u2022 ochrona s\u0142uchu zgodnie z EN352- 3<\/p>\n<p>\u2022 kolor: pomara\u0144czowy<\/p>\n<p>\u2022 system zapadkowy<\/p>\n","protected":false},"featured_media":29560,"template":"","meta":[],"product_brand":[107],"product_cat":[98],"product_tag":[],"class_list":{"0":"post-29558","1":"product","2":"type-product","3":"status-publish","4":"has-post-thumbnail","6":"product_brand-granit","7":"product_cat-odziez-ochronna","9":"first","10":"instock","11":"shipping-taxable","12":"purchasable","13":"product-type-simple"},"aioseo_notices":[],"_links":{"self":[{"href":"https:\/\/profika.com.pl\/index.php\/wp-json\/wp\/v2\/product\/29558","targetHints":{"allow":["GET"]}}],"collection":[{"href":"https:\/\/profika.com.pl\/index.php\/wp-json\/wp\/v2\/product"}],"about":[{"href":"https:\/\/profika.com.pl\/index.php\/wp-json\/wp\/v2\/types\/product"}],"version-history":[{"count":1,"href":"https:\/\/profika.com.pl\/index.php\/wp-json\/wp\/v2\/product\/29558\/revisions"}],"predecessor-version":[{"id":29572,"href":"https:\/\/profika.com.pl\/index.php\/wp-json\/wp\/v2\/product\/29558\/revisions\/29572"}],"wp:featuredmedia":[{"embeddable":true,"href":"https:\/\/profika.com.pl\/index.php\/wp-json\/wp\/v2\/media\/29560"}],"wp:attachment":[{"href":"https:\/\/profika.com.pl\/index.php\/wp-json\/wp\/v2\/media?parent=29558"}],"wp:term":[{"taxonomy":"product_brand","embeddable":true,"href":"https:\/\/profika.com.pl\/index.php\/wp-json\/wp\/v2\/product_brand?post=29558"},{"taxonomy":"product_cat","embeddable":true,"href":"https:\/\/profika.com.pl\/index.php\/wp-json\/wp\/v2\/product_cat?post=29558"},{"taxonomy":"product_tag","embeddable":true,"href":"https:\/\/profika.com.pl\/index.php\/wp-json\/wp\/v2\/product_tag?post=29558"}],"curies":[{"name":"wp","href":"https:\/\/api.w.org\/{rel}","templated":true}]}}