{"id":31304,"date":"2026-01-30T11:40:40","date_gmt":"2026-01-30T10:40:40","guid":{"rendered":"https:\/\/profika.com.pl\/?post_type=product&#038;p=31304"},"modified":"2026-01-30T11:40:41","modified_gmt":"2026-01-30T10:40:41","slug":"prowadnica-stihl-gta26-10cm-4-11-mm","status":"publish","type":"product","link":"https:\/\/profika.com.pl\/index.php\/produkt\/prowadnica-stihl-gta26-10cm-4-11-mm\/","title":{"rendered":"Prowadnica Stihl GTA26 10cm\/4&#8243; 1,1 mm"},"content":{"rendered":"","protected":false},"excerpt":{"rendered":"<p>Numer katalogowy: 30070030101<br \/>\nD\u0142ugo\u015b\u0107 prowadnicy: 10cm\/4&#8243;<br \/>\nPodzia\u0142ka: 1\/4&#8243;<br \/>\nGrubo\u015b\u0107 \u0142a\u0144cucha: 1,1 mm<\/p>\n","protected":false},"featured_media":31305,"template":"","meta":[],"product_brand":[70],"product_cat":[136,73],"product_tag":[],"class_list":{"0":"post-31304","1":"product","2":"type-product","3":"status-publish","4":"has-post-thumbnail","6":"product_brand-stihl","7":"product_cat-prowadnice-akcesoria","8":"product_cat-akcesoria","10":"first","11":"instock","12":"shipping-taxable","13":"purchasable","14":"product-type-simple"},"aioseo_notices":[],"_links":{"self":[{"href":"https:\/\/profika.com.pl\/index.php\/wp-json\/wp\/v2\/product\/31304","targetHints":{"allow":["GET"]}}],"collection":[{"href":"https:\/\/profika.com.pl\/index.php\/wp-json\/wp\/v2\/product"}],"about":[{"href":"https:\/\/profika.com.pl\/index.php\/wp-json\/wp\/v2\/types\/product"}],"version-history":[{"count":1,"href":"https:\/\/profika.com.pl\/index.php\/wp-json\/wp\/v2\/product\/31304\/revisions"}],"predecessor-version":[{"id":31306,"href":"https:\/\/profika.com.pl\/index.php\/wp-json\/wp\/v2\/product\/31304\/revisions\/31306"}],"wp:featuredmedia":[{"embeddable":true,"href":"https:\/\/profika.com.pl\/index.php\/wp-json\/wp\/v2\/media\/31305"}],"wp:attachment":[{"href":"https:\/\/profika.com.pl\/index.php\/wp-json\/wp\/v2\/media?parent=31304"}],"wp:term":[{"taxonomy":"product_brand","embeddable":true,"href":"https:\/\/profika.com.pl\/index.php\/wp-json\/wp\/v2\/product_brand?post=31304"},{"taxonomy":"product_cat","embeddable":true,"href":"https:\/\/profika.com.pl\/index.php\/wp-json\/wp\/v2\/product_cat?post=31304"},{"taxonomy":"product_tag","embeddable":true,"href":"https:\/\/profika.com.pl\/index.php\/wp-json\/wp\/v2\/product_tag?post=31304"}],"curies":[{"name":"wp","href":"https:\/\/api.w.org\/{rel}","templated":true}]}}