{"id":31347,"date":"2026-02-03T09:23:19","date_gmt":"2026-02-03T08:23:19","guid":{"rendered":"https:\/\/profika.com.pl\/?post_type=product&#038;p=31347"},"modified":"2026-02-03T09:23:19","modified_gmt":"2026-02-03T08:23:19","slug":"stihl-gta-26-pilarka-akumulatorowa","status":"publish","type":"product","link":"https:\/\/profika.com.pl\/index.php\/produkt\/stihl-gta-26-pilarka-akumulatorowa\/","title":{"rendered":"STIHL GTA 26 Pilarka akumulatorowa"},"content":{"rendered":"","protected":false},"excerpt":{"rendered":"<p><strong>Zestaw zawiera:<\/strong><br \/>\n1 x akumulator litowo-jonowy AS 2, 28 Wh, 10,8 V<br \/>\n1 x standardowa \u0142adowarka AL 1, z czasem \u0142adowania 55 min\/70min (80 %\/100 %)<br \/>\n1 x Przecinarka akumulatorowa GTA 26 z ruchom\u0105 pokryw\u0105<br \/>\n1 x prowadnica Light, 10 cm<br \/>\n1 x \u0142a\u0144cuch PM3 1\/4&#8221;, 10 cm<br \/>\n1 x torba transportowa czarno-pomara\u0144czowa z przelotkami do monta\u017cu na \u015bcianie.<br \/>\n1x olej do smarowania \u0142a\u0144cucha<\/p>\n","protected":false},"featured_media":31348,"template":"","meta":[],"product_brand":[70],"product_cat":[138,74],"product_tag":[],"class_list":{"0":"post-31347","1":"product","2":"type-product","3":"status-publish","4":"has-post-thumbnail","6":"product_brand-stihl","7":"product_cat-pilarki-akumulatorowe","8":"product_cat-narzedzia","10":"first","11":"instock","12":"sale","13":"shipping-taxable","14":"purchasable","15":"product-type-simple"},"aioseo_notices":[],"_links":{"self":[{"href":"https:\/\/profika.com.pl\/index.php\/wp-json\/wp\/v2\/product\/31347","targetHints":{"allow":["GET"]}}],"collection":[{"href":"https:\/\/profika.com.pl\/index.php\/wp-json\/wp\/v2\/product"}],"about":[{"href":"https:\/\/profika.com.pl\/index.php\/wp-json\/wp\/v2\/types\/product"}],"version-history":[{"count":2,"href":"https:\/\/profika.com.pl\/index.php\/wp-json\/wp\/v2\/product\/31347\/revisions"}],"predecessor-version":[{"id":31351,"href":"https:\/\/profika.com.pl\/index.php\/wp-json\/wp\/v2\/product\/31347\/revisions\/31351"}],"wp:featuredmedia":[{"embeddable":true,"href":"https:\/\/profika.com.pl\/index.php\/wp-json\/wp\/v2\/media\/31348"}],"wp:attachment":[{"href":"https:\/\/profika.com.pl\/index.php\/wp-json\/wp\/v2\/media?parent=31347"}],"wp:term":[{"taxonomy":"product_brand","embeddable":true,"href":"https:\/\/profika.com.pl\/index.php\/wp-json\/wp\/v2\/product_brand?post=31347"},{"taxonomy":"product_cat","embeddable":true,"href":"https:\/\/profika.com.pl\/index.php\/wp-json\/wp\/v2\/product_cat?post=31347"},{"taxonomy":"product_tag","embeddable":true,"href":"https:\/\/profika.com.pl\/index.php\/wp-json\/wp\/v2\/product_tag?post=31347"}],"curies":[{"name":"wp","href":"https:\/\/api.w.org\/{rel}","templated":true}]}}