{"id":31373,"date":"2026-02-03T12:54:49","date_gmt":"2026-02-03T11:54:49","guid":{"rendered":"https:\/\/profika.com.pl\/?post_type=product&#038;p=31373"},"modified":"2026-02-03T12:54:49","modified_gmt":"2026-02-03T11:54:49","slug":"kosiarka-spalinowa-stihl-rm-248","status":"publish","type":"product","link":"https:\/\/profika.com.pl\/index.php\/produkt\/kosiarka-spalinowa-stihl-rm-248\/","title":{"rendered":"Kosiarka spalinowa Stihl RM 248"},"content":{"rendered":"<p>Kosiarka spalinowa <strong>RM 248<\/strong> umo\u017cliwia efektywne koszenie trawnik\u00f3w ogrodowych o powierzchni do 1 200 m2 . Ogrodnicy-hobby\u015bci mog\u0105 u\u017cywa\u0107 RM 248 do efektywnej piel\u0119gnacji trawnika. Ten przyjazny dla u\u017cytkownika model podstawowy oferuje dobry stosunek ceny do wydajno\u015bci i imponuj\u0105c\u0105 szeroko\u015b\u0107 koszenia wynosz\u0105c\u0105 46 cm umo\u017ciwiaj\u0105c wydajn\u0105 prac\u0119 w ogrodach \u015bredniej wielko\u015bci<\/p>\n<p>Dzi\u0119ki funkcji \u0142atwego startu  jest szybko gotowy do u\u017cycia. Wygodny pojedynczy uchwyt kieruj\u0105cy o regulowanej wysoko\u015bci  zapewnia wygodn\u0105 i ergonomiczn\u0105 obs\u0142ug\u0119. Centralnie umieszczona, siedmiostopniowa regulacja wysoko\u015bci koszenia jest \u0142atwa w obs\u0142udze i umo\u017cliwia koszenie na wysoko\u015bci od 20 mm do 100 mm.<\/p>\n<p>Dzi\u0119ki standardowemu wyposa\u017ceniu w n\u00f3\u017c wielofunkcyjny, przystawk\u0119 do mulczowania i wyrzut boczny, kosiarka nadaje si\u0119 zar\u00f3wno do koszenia, jak i mulczowania. Mo\u017cesz kosi\u0107 tradycyjnie lub rozprowadzi\u0107 pokos po trawniku przez wyrzut boczny. Kosiarka spalinowa STIHL RM 248 jest wyposa\u017cona w 52-litrowy kosz do zbierania trawy. Wska\u017anik poziomu nape\u0142nienia pokazuje, kiedy nale\u017cy opr\u00f3\u017cni\u0107 kosz.<\/p>\n","protected":false},"excerpt":{"rendered":"<p><strong>Pojemno\u015b\u0107 skokowa:<\/strong>\t127 cm\u00b3<br \/>\n<strong>Moc znamionowa:<\/strong>\t1,8 kw \/ 2,5 KM<br \/>\n<strong>Nap\u0119d:<\/strong>\t&#8212;<br \/>\n<strong>Typ silnika:<\/strong>\tEVC 205.0<br \/>\n<strong>CO2:<\/strong>\t1227 g\/kWh<br \/>\n<strong>Ci\u0119\u017car urz\u0105dzenia bez paliwa:<\/strong>\t30 kg<br \/>\n<strong>Maks. powierzchnia trawnika:<\/strong>\t1200 m\u00b2 1)<br \/>\n<strong>Szeroko\u015b\u0107 ci\u0119cia:<\/strong>\t46 cm<br \/>\n<strong>Wysoko\u015b\u0107 koszenia:<\/strong>\t20 &#8211; 100 mm<br \/>\n<strong>Regulacja wysoko\u015bci ci\u0119cia:<\/strong>\t7-stopniowa (centralna)<br \/>\n<strong>Znamionowa pr\u0119dko\u015b\u0107 obrotowa narz\u0119dzia roboczego:<\/strong>\t2800 obr.\/min<br \/>\n<strong>Pojemno\u015b\u0107 kosza na traw\u0119:<\/strong>\t52 l<br \/>\n<strong>Szeroko\u015b\u0107 urz\u0105dzenia bez akcesori\u00f3w:<\/strong>\t51 cm<br \/>\n<strong>Max. wysoko\u015b\u0107 urz\u0105dzenia:<\/strong>\t117 cm<br \/>\n<strong>\u015arednica ko\u0142a przedniego:<\/strong>\t180 mm<br \/>\n<strong>\u015arednica tylnego ko\u0142a:<\/strong>\t200 mm<br \/>\n<strong>Poziom ci\u015bnienia akustycznego mierzony wed\u0142ug LpA:<\/strong>\t82 dB(A)<br \/>\n<strong>Gwarantowany poziom mocy akustycznej LWA:<\/strong>\t96 dB(A)<br \/>\n<strong>Wsp\u00f3\u0142czynnik niepewno\u015bci poziomu ci\u015bnienia akustycznego KpA:<\/strong>\t2 dB(A) 2)<br \/>\n<strong>Wibracje uchwytu ahw:<\/strong>\t4.40 m\/s\u00b2<br \/>\n<strong>Niepewno\u015b\u0107 pomiarowa K:\t<\/strong>2.20 m\/s\u00b2 2)<\/p>\n","protected":false},"featured_media":31376,"template":"","meta":[],"product_brand":[70],"product_cat":[139,74],"product_tag":[],"class_list":{"0":"post-31373","1":"product","2":"type-product","3":"status-publish","4":"has-post-thumbnail","6":"product_brand-stihl","7":"product_cat-kosiarki-spalinowe","8":"product_cat-narzedzia","10":"first","11":"instock","12":"sale","13":"shipping-taxable","14":"purchasable","15":"product-type-simple"},"aioseo_notices":[],"_links":{"self":[{"href":"https:\/\/profika.com.pl\/index.php\/wp-json\/wp\/v2\/product\/31373","targetHints":{"allow":["GET"]}}],"collection":[{"href":"https:\/\/profika.com.pl\/index.php\/wp-json\/wp\/v2\/product"}],"about":[{"href":"https:\/\/profika.com.pl\/index.php\/wp-json\/wp\/v2\/types\/product"}],"version-history":[{"count":3,"href":"https:\/\/profika.com.pl\/index.php\/wp-json\/wp\/v2\/product\/31373\/revisions"}],"predecessor-version":[{"id":31379,"href":"https:\/\/profika.com.pl\/index.php\/wp-json\/wp\/v2\/product\/31373\/revisions\/31379"}],"wp:featuredmedia":[{"embeddable":true,"href":"https:\/\/profika.com.pl\/index.php\/wp-json\/wp\/v2\/media\/31376"}],"wp:attachment":[{"href":"https:\/\/profika.com.pl\/index.php\/wp-json\/wp\/v2\/media?parent=31373"}],"wp:term":[{"taxonomy":"product_brand","embeddable":true,"href":"https:\/\/profika.com.pl\/index.php\/wp-json\/wp\/v2\/product_brand?post=31373"},{"taxonomy":"product_cat","embeddable":true,"href":"https:\/\/profika.com.pl\/index.php\/wp-json\/wp\/v2\/product_cat?post=31373"},{"taxonomy":"product_tag","embeddable":true,"href":"https:\/\/profika.com.pl\/index.php\/wp-json\/wp\/v2\/product_tag?post=31373"}],"curies":[{"name":"wp","href":"https:\/\/api.w.org\/{rel}","templated":true}]}}