{"id":31399,"date":"2026-02-03T14:27:02","date_gmt":"2026-02-03T13:27:02","guid":{"rendered":"https:\/\/profika.com.pl\/?post_type=product&#038;p=31399"},"modified":"2026-02-03T14:29:04","modified_gmt":"2026-02-03T13:29:04","slug":"kosiarka-spalinowa-stihl-rm453-3v","status":"publish","type":"product","link":"https:\/\/profika.com.pl\/index.php\/produkt\/kosiarka-spalinowa-stihl-rm453-3v\/","title":{"rendered":"Kosiarka spalinowa STIHL RM453.3V"},"content":{"rendered":"<p>Dzi\u0119ki kosiarce STIHL RM 453 V wymagaj\u0105cy u\u017cytkownik prywatny mo\u017ce bardzo komfortowo piel\u0119gnowa\u0107 du\u017ce ogrody . Je\u015bli chcesz dostosowa\u0107 pr\u0119dko\u015b\u0107 koszenia swojej kosiarki do w\u0142asnych preferencji  lub do warunk\u00f3w trawnika, to ta kosiarka z p\u0142ynn\u0105 regulacj\u0105 nap\u0119du na ko\u0142a Vario jest w\u0142a\u015bciwym wyborem. Kosz\u0105c du\u017ce trawniki lub na zboczach docenisz 1-biegowy nap\u0119d k\u00f3\u0142. Silnik mo\u017cesz uruchomi\u0107 przy minimalnym wysi\u0142ku dzi\u0119ki funkcji \u0142atwego uruchamiania. Standardowe wyposa\u017cenie w n\u00f3\u017c wielofunkcyjny, zintegrowan\u0105 funkcj\u0119 mulczowania i wyrzut boczny kosiarka nadaje si\u0119 do koszenia, jak i mulczowania. Mo\u017cesz kosi\u0107 standardowo lub rozprowadzi\u0107 pokos po trawniku przez wyrzut boczny. <\/p>\n<p>Szeroko\u015b\u0107 koszenia 51 cm, lekkobie\u017cne ko\u0142a i lekka polimerowa obudowa zapewniaj\u0105 kosiarce STIHL RM 453 V wysok\u0105 zwrotno\u015b\u0107. Wygodna kierownica z regulacj\u0105 wysoko\u015bci zapewnia wygodne i ergonomiczne koszenie. Centralnie umieszczona, siedmiostopniowa regulacja wysoko\u015bci koszenia jest \u0142atwa w obs\u0142udze i umo\u017cliwia koszenie na wysoko\u015bci od 20 mm do 100 mm. Pojemnik na traw\u0119 o pojemno\u015bci 55 l sk\u0142ada si\u0119 w celu szybkiego i \u0142atwego opr\u00f3\u017cniania i jest wyposa\u017cony we wska\u017anik poziomu nape\u0142nienia, kt\u00f3ry pokazuje, kiedy nale\u017cy opr\u00f3\u017cni\u0107 kosz.<\/p>\n","protected":false},"excerpt":{"rendered":"<p><strong>DANE TECHNICZNE:<\/strong><\/p>\n<p><strong>Szeroko\u015b\u0107 ci\u0119cia:<\/strong> 51 cm<br \/>\n<strong>Wysoko\u015b\u0107 ci\u0119cia: <\/strong>20 &#8211; 100 mm<br \/>\n<strong>Regulacja wysoko\u015bci ci\u0119cia:<\/strong> 7-stopniowa (centralna)<br \/>\n<strong>Pojemno\u015b\u0107 kosza na traw\u0119: <\/strong>55 l<br \/>\n<strong>Nap\u0119d:<\/strong> 2,4 &#8211; 4,2 km\/h<br \/>\n<strong>Typ silnika:<\/strong> EVC 300.1<br \/>\n<strong>Pojemno\u015b\u0107 skokowa:<\/strong> 166 cm\u00b3<br \/>\n<strong>Moc znamionowa: <\/strong>2.6 kW \/ 3.5 KM<br \/>\n<strong>Ci\u0119\u017car: <\/strong>33 kg<br \/>\n<strong>Gwarantowany poziom mocy akustycznej LWA:<\/strong> 97 dB(A)<br \/>\n<strong>Poziom ci\u015bnienia akustycznego mierzony wed\u0142ug LpA:<\/strong> 82 dB(A)<br \/>\n<strong>Wsp\u00f3\u0142czynnik niepewno\u015bci poziomu ci\u015bnienia akustycznego KpA:<\/strong> 2 dB(A)<br \/>\n<strong>Wibracje ramienia prowadz\u0105cego ahw:<\/strong> 4,4 m\/s\u00b2<br \/>\n<strong>Niepewno\u015b\u0107 wibracji K:<\/strong> 2,2 m\/s\u00b2<br \/>\n<strong>CO2:<\/strong> 922 g\/kWh<\/p>\n","protected":false},"featured_media":31400,"template":"","meta":[],"product_brand":[70],"product_cat":[139,74],"product_tag":[],"class_list":{"0":"post-31399","1":"product","2":"type-product","3":"status-publish","4":"has-post-thumbnail","6":"product_brand-stihl","7":"product_cat-kosiarki-spalinowe","8":"product_cat-narzedzia","10":"first","11":"instock","12":"sale","13":"shipping-taxable","14":"purchasable","15":"product-type-simple"},"aioseo_notices":[],"_links":{"self":[{"href":"https:\/\/profika.com.pl\/index.php\/wp-json\/wp\/v2\/product\/31399","targetHints":{"allow":["GET"]}}],"collection":[{"href":"https:\/\/profika.com.pl\/index.php\/wp-json\/wp\/v2\/product"}],"about":[{"href":"https:\/\/profika.com.pl\/index.php\/wp-json\/wp\/v2\/types\/product"}],"version-history":[{"count":1,"href":"https:\/\/profika.com.pl\/index.php\/wp-json\/wp\/v2\/product\/31399\/revisions"}],"predecessor-version":[{"id":31402,"href":"https:\/\/profika.com.pl\/index.php\/wp-json\/wp\/v2\/product\/31399\/revisions\/31402"}],"wp:featuredmedia":[{"embeddable":true,"href":"https:\/\/profika.com.pl\/index.php\/wp-json\/wp\/v2\/media\/31400"}],"wp:attachment":[{"href":"https:\/\/profika.com.pl\/index.php\/wp-json\/wp\/v2\/media?parent=31399"}],"wp:term":[{"taxonomy":"product_brand","embeddable":true,"href":"https:\/\/profika.com.pl\/index.php\/wp-json\/wp\/v2\/product_brand?post=31399"},{"taxonomy":"product_cat","embeddable":true,"href":"https:\/\/profika.com.pl\/index.php\/wp-json\/wp\/v2\/product_cat?post=31399"},{"taxonomy":"product_tag","embeddable":true,"href":"https:\/\/profika.com.pl\/index.php\/wp-json\/wp\/v2\/product_tag?post=31399"}],"curies":[{"name":"wp","href":"https:\/\/api.w.org\/{rel}","templated":true}]}}