{"id":31484,"date":"2026-02-18T11:45:22","date_gmt":"2026-02-18T10:45:22","guid":{"rendered":"https:\/\/profika.com.pl\/?post_type=product&#038;p=31484"},"modified":"2026-02-19T15:24:39","modified_gmt":"2026-02-19T14:24:39","slug":"nozyce-akumulatorowe-hsa-26-set","status":"publish","type":"product","link":"https:\/\/profika.com.pl\/index.php\/produkt\/nozyce-akumulatorowe-hsa-26-set\/","title":{"rendered":"No\u017cyce akumulatorowe HSA 26 SET"},"content":{"rendered":"<p>No\u017cyce akum. HSA 26, zestaw z akumulatorem AS2 i \u0142adowark\u0105 AL1<br \/>\nLekkie i kompaktowe akumulatorowe no\u017cyce do krzew\u00f3w wyposa\u017cone w listw\u0119 tn\u0105c\u0105 do przycinania i piel\u0119gnacji ni\u017cszych, wiecznie zielonych \u017cywop\u0142ot\u00f3w oraz ozdobnych krzew\u00f3w drobnolistnych. Listwa tn\u0105ca z no\u017cami STIHL o zoptymalizowanej geometrii pozwala uzyska\u0107 optymalne efekty ci\u0119cia. Wyposa\u017cone w n\u00f3\u017c do trawy doskonale nadaj\u0105 si\u0119 do wyr\u00f3wnywania kraw\u0119dzi trawnika. Komfortowy uchwyt zapewnia perfekcyjn\u0105 ergonomi\u0119, szybka i beznarz\u0119dziowa wymiana ostrza, wska\u017anik na\u0142adowania pozwala \u0142atwo kontrolowa\u0107 pozosta\u0142\u0105 pojemno\u015b\u0107 akumulatora. No\u017cyce HSA 26 s\u0105 dost\u0119pne w zestawach lub jako pojedyncze urz\u0105dzenie.<br \/>\nW zestawie znajduje si\u0119:<br \/>\n1 x akumulator Li-Ion AS 2, 28 Wh, 10,8 V (opcjonalnie 2 akumulatory)<br \/>\n1 x \u0142adowarka standardowa AL 1<br \/>\n1 x listwa tn\u0105ca do krzew\u00f3w, d\u0142ugo\u015b\u0107 20 cm, wraz z os\u0142on\u0105<br \/>\n1 x n\u00f3\u017c tn\u0105cy do trawy, szeroko\u015b\u0107 robocza 12 cm, wraz z os\u0142on\u0105<br \/>\n1 x torba transportowa, kolor czarny\/pomara\u0144czowy, z przelotkami<br \/>\ndo monta\u017cu na \u015bcianie.<\/p>\n","protected":false},"excerpt":{"rendered":"<p><strong>Dane techniczne<\/strong><br \/>\n<strong>Napi\u0119cie znamionowe<\/strong>\t11 V<br \/>\n<strong>Maks. napi\u0119cie<\/strong>\t12 V<br \/>\n<strong>Pob\u00f3r mocy<\/strong>\t0.16 kW<br \/>\n<strong>Moc<\/strong>\t0.10 kW 1)<br \/>\n<strong>System akumulatorowy<\/strong>\tAS<br \/>\n<strong>Zalecany akumulator<\/strong>\tAS 2<br \/>\n<strong>Pr\u0119dko\u015b\u0107 skokowa<\/strong>\t2200 obr.\/min<br \/>\n<strong>Ci\u0119\u017car urz\u0105dzenia bez akumulatora<\/strong>\t0.8 kg<br \/>\n<strong>D\u0142ugo\u015b\u0107 kraw\u0119dzi tn\u0105cej<\/strong>\t20 cm<br \/>\n<strong>Odst\u0119p mi\u0119dzy z\u0119bami tn\u0105cymi<\/strong>\t19 mm<br \/>\n<strong>Poziom ochrony IP<\/strong>\tIPX1<br \/>\n<strong>Max. czas pracy akumulatora<\/strong> AS 2\t110 min<\/p>\n","protected":false},"featured_media":31485,"template":"","meta":[],"product_brand":[70],"product_cat":[74,77],"product_tag":[],"class_list":{"0":"post-31484","1":"product","2":"type-product","3":"status-publish","4":"has-post-thumbnail","6":"product_brand-stihl","7":"product_cat-narzedzia","8":"product_cat-nozyce","10":"first","11":"instock","12":"sale","13":"shipping-taxable","14":"purchasable","15":"product-type-simple"},"aioseo_notices":[],"_links":{"self":[{"href":"https:\/\/profika.com.pl\/index.php\/wp-json\/wp\/v2\/product\/31484","targetHints":{"allow":["GET"]}}],"collection":[{"href":"https:\/\/profika.com.pl\/index.php\/wp-json\/wp\/v2\/product"}],"about":[{"href":"https:\/\/profika.com.pl\/index.php\/wp-json\/wp\/v2\/types\/product"}],"version-history":[{"count":2,"href":"https:\/\/profika.com.pl\/index.php\/wp-json\/wp\/v2\/product\/31484\/revisions"}],"predecessor-version":[{"id":31654,"href":"https:\/\/profika.com.pl\/index.php\/wp-json\/wp\/v2\/product\/31484\/revisions\/31654"}],"wp:featuredmedia":[{"embeddable":true,"href":"https:\/\/profika.com.pl\/index.php\/wp-json\/wp\/v2\/media\/31485"}],"wp:attachment":[{"href":"https:\/\/profika.com.pl\/index.php\/wp-json\/wp\/v2\/media?parent=31484"}],"wp:term":[{"taxonomy":"product_brand","embeddable":true,"href":"https:\/\/profika.com.pl\/index.php\/wp-json\/wp\/v2\/product_brand?post=31484"},{"taxonomy":"product_cat","embeddable":true,"href":"https:\/\/profika.com.pl\/index.php\/wp-json\/wp\/v2\/product_cat?post=31484"},{"taxonomy":"product_tag","embeddable":true,"href":"https:\/\/profika.com.pl\/index.php\/wp-json\/wp\/v2\/product_tag?post=31484"}],"curies":[{"name":"wp","href":"https:\/\/api.w.org\/{rel}","templated":true}]}}