{"id":31539,"date":"2026-02-19T10:03:50","date_gmt":"2026-02-19T09:03:50","guid":{"rendered":"https:\/\/profika.com.pl\/?post_type=product&#038;p=31539"},"modified":"2026-02-19T14:54:28","modified_gmt":"2026-02-19T13:54:28","slug":"kosa-mechaniczna-fs-56-autocut","status":"publish","type":"product","link":"https:\/\/profika.com.pl\/index.php\/produkt\/kosa-mechaniczna-fs-56-autocut\/","title":{"rendered":"Kosa mechaniczna FS 56 AutoCut"},"content":{"rendered":"<p>Kosa spalinowa FS 56: nadaje si\u0119 do wi\u0119kszych teren\u00f3w zielonych i twardej trawy<br \/>\nKosa spalinowa STIHL FS 56 jest idealna do piel\u0119gnacji wi\u0119kszych ogrod\u00f3w i teren\u00f3w zielonych. Kosa spalinowa FS 56 firmy STIHL z prostym wysi\u0119gnikiem i zoptymalizowanym k\u0105tem przek\u0142adni pokazuje swoj\u0105 moc podczas pracy przy koszeniu twardej trawy. Nap\u0119dzany mocnym i ekonomicznym silnikiem STIHL 2-MIX, pozwala szybko i sprawnie wykona\u0107 zadanie.<\/p>\n<p>Dzi\u0119ki wielofunkcyjnemu uchwytowi obs\u0142ugiwanemu jedn\u0105 r\u0119k\u0105 korzystasz z \u0142atwej obs\u0142ugi i mo\u017cesz  szybko i wydajnie kosi\u0107 nawet wi\u0119ksze trawniki. Dzi\u0119ki dostarczanej w standardzie g\u0142owicy \u017cy\u0142kowej AutoCut C 26-2 mo\u017cna skutecznie usun\u0105\u0107 tward\u0105 traw\u0119.<\/p>\n<p>Dzi\u0119ki zamontowaniu opcjonalnych g\u0142owic tn\u0105cych, kosa spalinowa STIHL FS 56 jest r\u00f3wnie\u017c skuteczna w pracach zwi\u0105zanych z usuwaniem trawy wok\u00f3\u0142 drzew, ogrodze\u0144 i \u017cywop\u0142ot\u00f3w. Ergonomiczny obur\u0119czny uchwyt sprawia, \u017ce narz\u0119dzie to jest bardzo wygodne w u\u017cyciu, zapewniaj\u0105c znakomit\u0105 wydajno\u015b\u0107 ci\u0119cia. Uchwyt obur\u0119czny wspiera naturalny ruch kosy i u\u0142atwia wydajn\u0105 prac\u0119, szczeg\u00f3lnie na wi\u0119kszych terenach zielonych.<\/p>\n<p>W przypadku d\u0142u\u017cszych okres\u00f3w u\u017cytkowania zalecamy korzystanie z pasa no\u015bnego dostarczanego w standardzie. W ten spos\u00f3b ci\u0119\u017car spalinowej kosy spalinowej STIHL FS 56 rozk\u0142ada si\u0119 na ca\u0142ym ciele, u\u0142atwiaj\u0105c prac\u0119 i chroni\u0105c mi\u0119\u015bnie i stawy.<\/p>\n","protected":false},"excerpt":{"rendered":"<p><strong>Dane techniczne<\/strong><br \/>\n<strong>Pojemno\u015b\u0107 skokowa<\/strong>\t27.2 cm\u00b3<br \/>\n<strong>Moc<\/strong>\t0.85 kW<br \/>\n<strong>Moc<\/strong>\t1.15 KM<br \/>\n<strong>CO2<\/strong>\t853 g\/kWh<br \/>\n<strong>Ci\u0119\u017car urz\u0105dzenia bez paliwa<\/strong>\t5.1 kg<br \/>\n<strong>\u015arednica kraw\u0119dzi tn\u0105cej<\/strong>\t420 mm<br \/>\n<strong>Standardowe narz\u0119dzia tn\u0105ce<\/strong>\tG\u0142owica \u017cy\u0142k. AC C 26-2<br \/>\n<strong>Pojemno\u015b\u0107 zbiornika<\/strong>\t0.340 l<br \/>\n<strong>Pojemno\u015b\u0107 zbiornika<\/strong>\t340 cm\u00b3<br \/>\n<strong>D\u0142ugo\u015b\u0107 urz\u0105dzenia bez narz\u0119dzia tn\u0105cego<\/strong>\t170 cm<\/p>\n","protected":false},"featured_media":31541,"template":"","meta":[],"product_brand":[70],"product_cat":[74,76],"product_tag":[],"class_list":{"0":"post-31539","1":"product","2":"type-product","3":"status-publish","4":"has-post-thumbnail","6":"product_brand-stihl","7":"product_cat-narzedzia","8":"product_cat-kosy","10":"first","11":"instock","12":"sale","13":"shipping-taxable","14":"purchasable","15":"product-type-simple"},"aioseo_notices":[],"_links":{"self":[{"href":"https:\/\/profika.com.pl\/index.php\/wp-json\/wp\/v2\/product\/31539","targetHints":{"allow":["GET"]}}],"collection":[{"href":"https:\/\/profika.com.pl\/index.php\/wp-json\/wp\/v2\/product"}],"about":[{"href":"https:\/\/profika.com.pl\/index.php\/wp-json\/wp\/v2\/types\/product"}],"version-history":[{"count":3,"href":"https:\/\/profika.com.pl\/index.php\/wp-json\/wp\/v2\/product\/31539\/revisions"}],"predecessor-version":[{"id":31643,"href":"https:\/\/profika.com.pl\/index.php\/wp-json\/wp\/v2\/product\/31539\/revisions\/31643"}],"wp:featuredmedia":[{"embeddable":true,"href":"https:\/\/profika.com.pl\/index.php\/wp-json\/wp\/v2\/media\/31541"}],"wp:attachment":[{"href":"https:\/\/profika.com.pl\/index.php\/wp-json\/wp\/v2\/media?parent=31539"}],"wp:term":[{"taxonomy":"product_brand","embeddable":true,"href":"https:\/\/profika.com.pl\/index.php\/wp-json\/wp\/v2\/product_brand?post=31539"},{"taxonomy":"product_cat","embeddable":true,"href":"https:\/\/profika.com.pl\/index.php\/wp-json\/wp\/v2\/product_cat?post=31539"},{"taxonomy":"product_tag","embeddable":true,"href":"https:\/\/profika.com.pl\/index.php\/wp-json\/wp\/v2\/product_tag?post=31539"}],"curies":[{"name":"wp","href":"https:\/\/api.w.org\/{rel}","templated":true}]}}