{"id":31554,"date":"2026-02-19T10:57:44","date_gmt":"2026-02-19T09:57:44","guid":{"rendered":"https:\/\/profika.com.pl\/?post_type=product&#038;p=31554"},"modified":"2026-02-23T11:17:38","modified_gmt":"2026-02-23T10:17:38","slug":"wertykulator-aerator-spalinowy-mastercut-txw40-212-2-walki","status":"publish","type":"product","link":"https:\/\/profika.com.pl\/index.php\/produkt\/wertykulator-aerator-spalinowy-mastercut-txw40-212-2-walki\/","title":{"rendered":"Wertykulator aerator spalinowy Mastercut TXW40\/212 2 wa\u0142ki"},"content":{"rendered":"<p>Wertykulacja i aeracja trawnika to dwa wa\u017cne zabiegi piel\u0119gnacyjne, kt\u00f3re pomagaj\u0105 utrzyma\u0107 trawnik w doskona\u0142ej kondycji.<\/p>\n<p>Wertykulator MasterCut TXW40\/212 posiada w zestawie komplet wa\u0142k\u00f3w, kt\u00f3re s\u0142u\u017c\u0105 do:<\/p>\n<p>1. Wertykulacja:<\/p>\n<p>   &#8211; Polega na pionowym naci\u0119ciu darni<\/p>\n<p>   &#8211; Usuwa nadmiar mchu i martwej trawy (filcu)<\/p>\n<p>   &#8211; Poprawia dost\u0119p powietrza, wody i sk\u0142adnik\u00f3w od\u017cywczych do korzeni<\/p>\n<p>2. Aeracja:<\/p>\n<p>   &#8211; Polega na nak\u0142uwaniu trawnika i tworzeniu otwor\u00f3w w glebie<\/p>\n<p>   &#8211; Rozlu\u017ania zbit\u0105 gleb\u0119<\/p>\n<p>   &#8211; Zwi\u0119ksza dost\u0119p tlenu, wody i sk\u0142adnik\u00f3w od\u017cywczych do korzeni<\/p>\n<p>Oba zabiegi najlepiej wykonywa\u0107 wiosn\u0105, gdy trawa ro\u015bnie najintensywniej oraz jesieni\u0105.<\/p>\n","protected":false},"excerpt":{"rendered":"<p><strong>Wertykulator aerator spalinowy 2 wa\u0142ki 40cm 212cm3 MasterCut TXW40\/212<\/strong><br \/>\n<strong>SPECYFIKACJA:<\/strong><\/p>\n<p><strong>Waga:<\/strong> 31,2kg<br \/>\n<strong>Obudowa:<\/strong> Stalowa<br \/>\n<strong>Pojemno\u015b\u0107 kosza:<\/strong> 45l<br \/>\n<strong>Silnik:<\/strong> Mastercut g\u00f3rnozaworowy OHV<br \/>\n<strong>Pojemno\u015b\u0107 silnika:<\/strong> 212cm3<br \/>\n<strong>Szeroko\u015b\u0107 robocza:<\/strong> 40cm<br \/>\n<strong>Regulacja g\u0142\u0119boko\u015bci:<\/strong> grzebieniowa 6 pozycji<br \/>\n<strong>Wa\u0142ki robocze:<\/strong> no\u017cowy + spr\u0119\u017cynowy<br \/>\n<strong>Ko\u0142a:<\/strong> \u0142o\u017cyskowane 17,5cm<br \/>\n<strong>Dwa wa\u0142ki robocze w komplecie<\/strong><\/p>\n","protected":false},"featured_media":31555,"template":"","meta":[],"product_brand":[132],"product_cat":[74,78],"product_tag":[],"class_list":{"0":"post-31554","1":"product","2":"type-product","3":"status-publish","4":"has-post-thumbnail","6":"product_brand-mastercut","7":"product_cat-narzedzia","8":"product_cat-aeratory","10":"first","11":"instock","12":"sale","13":"shipping-taxable","14":"purchasable","15":"product-type-simple"},"aioseo_notices":[],"_links":{"self":[{"href":"https:\/\/profika.com.pl\/index.php\/wp-json\/wp\/v2\/product\/31554","targetHints":{"allow":["GET"]}}],"collection":[{"href":"https:\/\/profika.com.pl\/index.php\/wp-json\/wp\/v2\/product"}],"about":[{"href":"https:\/\/profika.com.pl\/index.php\/wp-json\/wp\/v2\/types\/product"}],"version-history":[{"count":2,"href":"https:\/\/profika.com.pl\/index.php\/wp-json\/wp\/v2\/product\/31554\/revisions"}],"predecessor-version":[{"id":31560,"href":"https:\/\/profika.com.pl\/index.php\/wp-json\/wp\/v2\/product\/31554\/revisions\/31560"}],"wp:featuredmedia":[{"embeddable":true,"href":"https:\/\/profika.com.pl\/index.php\/wp-json\/wp\/v2\/media\/31555"}],"wp:attachment":[{"href":"https:\/\/profika.com.pl\/index.php\/wp-json\/wp\/v2\/media?parent=31554"}],"wp:term":[{"taxonomy":"product_brand","embeddable":true,"href":"https:\/\/profika.com.pl\/index.php\/wp-json\/wp\/v2\/product_brand?post=31554"},{"taxonomy":"product_cat","embeddable":true,"href":"https:\/\/profika.com.pl\/index.php\/wp-json\/wp\/v2\/product_cat?post=31554"},{"taxonomy":"product_tag","embeddable":true,"href":"https:\/\/profika.com.pl\/index.php\/wp-json\/wp\/v2\/product_tag?post=31554"}],"curies":[{"name":"wp","href":"https:\/\/api.w.org\/{rel}","templated":true}]}}