{"id":31588,"date":"2026-02-19T11:57:04","date_gmt":"2026-02-19T10:57:04","guid":{"rendered":"https:\/\/profika.com.pl\/?post_type=product&#038;p=31588"},"modified":"2026-02-19T14:35:25","modified_gmt":"2026-02-19T13:35:25","slug":"nozyce-do-zywoplotu-mastercut-21v-30-ah-ru-ht01","status":"publish","type":"product","link":"https:\/\/profika.com.pl\/index.php\/produkt\/nozyce-do-zywoplotu-mastercut-21v-30-ah-ru-ht01\/","title":{"rendered":"No\u017cyce do \u017cywop\u0142otu Mastercut 21V 3,0 Ah RU-HT01"},"content":{"rendered":"<p>No\u017cyce do \u017cywop\u0142otu RU-HT01 dzi\u0119ki swojej konstrukcji i funkcjonalno\u015bci, s\u0105 idealnym rozwi\u0105zaniem do piel\u0119gnacji \u017cywop\u0142ot\u00f3w oraz krzew\u00f3w.<\/p>\n<p>Cechy i funkcjonalno\u015b\u0107<br \/>\nNo\u017cyce RU-HT01 charakteryzuj\u0105 si\u0119 ergonomicznym uchwytem, co zapewnia komfort podczas d\u0142ugotrwa\u0142ej pracy. Wbudowany silnik o odpowiedniej mocy umo\u017cliwia efektywne ci\u0119cie, a specjalnie zaprojektowane ostrza gwarantuj\u0105 precyzyjne i czyste ci\u0119cia. Dodatkowo, ich waga sprawia, \u017ce s\u0105 \u0142atwe w obs\u0142udze, co jest istotne dla u\u017cytkownik\u00f3w.<\/p>\n<p>Zastosowanie<br \/>\nTe no\u017cyce doskonale sprawdzaj\u0105 si\u0119 zar\u00f3wno w ogrodach przydomowych, jak i w wi\u0119kszych przestrzeniach zielonych. Dzi\u0119ki nim mo\u017cna szybko i skutecznie formowa\u0107 \u017cywop\u0142oty oraz dba\u0107 o estetyk\u0119 przestrzeni.<\/p>\n","protected":false},"excerpt":{"rendered":"<p><strong>Dane techniczne:<\/strong><\/p>\n<p><strong>Napi\u0119cie akumulatora<\/strong> 21 V<br \/>\n<strong>Pojemno\u015b\u0107 akumulatora<\/strong> 3Ah<br \/>\n<strong>Typ akumulatora Li-ion<\/strong> 5S1P 10C<br \/>\n<strong>Pr\u0119dko\u015b\u0107 bez obci\u0105\u017cenia<\/strong> 2500 obr.\/min<br \/>\n<strong>D\u0142ugo\u015b\u0107 ostrza<\/strong> 52cm<br \/>\n<strong>\u015arednica ci\u0119cia maks<\/strong> 14mm<br \/>\n<strong>Maksymalna moc silnika<\/strong> 550 W<br \/>\n<strong>Typ silnika szczotkowy<\/strong><br \/>\n<strong>Czas \u0142adowania<\/strong> 2-3 godziny<br \/>\n<strong>Czas roz\u0142adowania bez obci\u0105\u017cenia<\/strong> 30min<br \/>\n<strong>Waga netto<\/strong> 3,7kg<\/p>\n","protected":false},"featured_media":31590,"template":"","meta":[],"product_brand":[132],"product_cat":[74,77],"product_tag":[],"class_list":{"0":"post-31588","1":"product","2":"type-product","3":"status-publish","4":"has-post-thumbnail","6":"product_brand-mastercut","7":"product_cat-narzedzia","8":"product_cat-nozyce","10":"first","11":"instock","12":"sale","13":"shipping-taxable","14":"purchasable","15":"product-type-simple"},"aioseo_notices":[],"_links":{"self":[{"href":"https:\/\/profika.com.pl\/index.php\/wp-json\/wp\/v2\/product\/31588","targetHints":{"allow":["GET"]}}],"collection":[{"href":"https:\/\/profika.com.pl\/index.php\/wp-json\/wp\/v2\/product"}],"about":[{"href":"https:\/\/profika.com.pl\/index.php\/wp-json\/wp\/v2\/types\/product"}],"version-history":[{"count":2,"href":"https:\/\/profika.com.pl\/index.php\/wp-json\/wp\/v2\/product\/31588\/revisions"}],"predecessor-version":[{"id":31637,"href":"https:\/\/profika.com.pl\/index.php\/wp-json\/wp\/v2\/product\/31588\/revisions\/31637"}],"wp:featuredmedia":[{"embeddable":true,"href":"https:\/\/profika.com.pl\/index.php\/wp-json\/wp\/v2\/media\/31590"}],"wp:attachment":[{"href":"https:\/\/profika.com.pl\/index.php\/wp-json\/wp\/v2\/media?parent=31588"}],"wp:term":[{"taxonomy":"product_brand","embeddable":true,"href":"https:\/\/profika.com.pl\/index.php\/wp-json\/wp\/v2\/product_brand?post=31588"},{"taxonomy":"product_cat","embeddable":true,"href":"https:\/\/profika.com.pl\/index.php\/wp-json\/wp\/v2\/product_cat?post=31588"},{"taxonomy":"product_tag","embeddable":true,"href":"https:\/\/profika.com.pl\/index.php\/wp-json\/wp\/v2\/product_tag?post=31588"}],"curies":[{"name":"wp","href":"https:\/\/api.w.org\/{rel}","templated":true}]}}