{"id":31730,"date":"2026-02-21T11:55:17","date_gmt":"2026-02-21T10:55:17","guid":{"rendered":"https:\/\/profika.com.pl\/?post_type=product&#038;p=31730"},"modified":"2026-02-21T11:55:17","modified_gmt":"2026-02-21T10:55:17","slug":"akumulator-50ah-ego-power-professional-ba2800t-56v-2p-280wh","status":"publish","type":"product","link":"https:\/\/profika.com.pl\/index.php\/produkt\/akumulator-50ah-ego-power-professional-ba2800t-56v-2p-280wh\/","title":{"rendered":"Akumulator 5,0Ah EGO POWER+ PROFESSIONAL BA2800T, 56V (2P 280Wh)"},"content":{"rendered":"<p>Do jakiego urz\u0105dzenia polecana jest ta bateria?<br \/>\nZ uwagi na rozmiary i wag\u0119 akumulatora, ta bateria idealnie sprawdzi si\u0119 w kosiarkach oraz pi\u0142ach \u0142a\u0144cuchowych. Je\u015bli masz zamiar u\u017cy\u0107 jej w podkaszarce, to warto wykorzysta\u0107 jeden z naszych pas\u00f3w na rami\u0119 lub uprz\u0105\u017c do urz\u0105dze\u0144 dwur\u0119cznych z uchwytem rowerowych tj. BC3800E. Wykorzystanie tej baterii w no\u017cycach do \u017cywop\u0142otu mo\u017ce by\u0107 dla Ciebie niewygodne, dlatego polecamy u\u017cycie stela\u017ca plecakowego i specjalnego adaptera. Odci\u0105\u017cysz w ten spos\u00f3b ramiona i wykonasz prac\u0119 bez zm\u0119czenia.<\/p>\n<p>Jak d\u0142ugo mo\u017cna pracowa\u0107 z t\u0105 bateri\u0105?<br \/>\nW przypadku flagowej kosiarki LM1900E-SP b\u0119dzie to 35 minut, co pozwoli na skoszenie 600-700 m2 trawnika. U\u017cywaj\u0105c jej w pile \u0142a\u0144cuchowej CS1800E, wykonasz 300 ci\u0119\u0107 o \u015brednicy 10 cm. Pracuj\u0105c dmuchaw\u0105 plecakow\u0105 LB6000E, rozprawisz si\u0119 z li\u015b\u0107mi w oko\u0142o 2 godziny. Jak widzisz, te czasy pracy s\u0105 zdumiewaj\u0105ce. Szczeg\u00f3lnie \u017ce piszemy o jednym \u0142adowaniu.<\/p>\n<p>Jaki jest czas \u0142adowania baterii BA2800 EGO?<br \/>\nBateri\u0119 mo\u017cesz \u0142adowa\u0107 dwoma \u0142adowarkami. Standardowa CH2100E na\u0142aduje j\u0105 do pe\u0142na w 100 minut. Je\u015bli zale\u017cy Ci na szybszym \u0142adowaniu, wybierz \u0142adowark\u0119 Rapid Charger CH5500E, kt\u00f3ra na\u0142aduje bateri\u0119 w zaledwie 40 minut.<\/p>\n<p>Czym jest Keep cool?<br \/>\nTo nowatorska technologia ochrony baterii przed przegrzaniem. Zapewnia optymaln\u0105 temperatur\u0119 ognie w trakcie pracy i \u0142adowania. Bateria nie przegrzewa si\u0119, utrzymuj\u0119 d\u0142u\u017cej swoj\u0105 pojemno\u015b\u0107 oraz jest gotowa do pracy zaraz po na\u0142adowaniu.<\/p>\n","protected":false},"excerpt":{"rendered":"<p><strong>Oto najpopularniejsza bateria w ofercie EGO Power+.<\/strong><br \/>\n<strong>Znasz j\u0105 z naszego bestsellera, kosiarki LM1900E-SP oferowanej w zestawie z szybk\u0105 \u0142adowark\u0105 Rapid Charger i bateri\u0105 BA2800.<\/strong><br \/>\n<strong>Posiada wszystkie systemy wspierane przez EGO i pasuje do ka\u017cdego z urz\u0105dze\u0144.<\/strong><\/p>\n","protected":false},"featured_media":31731,"template":"","meta":[],"product_brand":[103],"product_cat":[73,86],"product_tag":[],"class_list":{"0":"post-31730","1":"product","2":"type-product","3":"status-publish","4":"has-post-thumbnail","6":"product_brand-ego","7":"product_cat-akcesoria","8":"product_cat-akumulatory","10":"first","11":"instock","12":"sale","13":"shipping-taxable","14":"purchasable","15":"product-type-simple"},"aioseo_notices":[],"_links":{"self":[{"href":"https:\/\/profika.com.pl\/index.php\/wp-json\/wp\/v2\/product\/31730","targetHints":{"allow":["GET"]}}],"collection":[{"href":"https:\/\/profika.com.pl\/index.php\/wp-json\/wp\/v2\/product"}],"about":[{"href":"https:\/\/profika.com.pl\/index.php\/wp-json\/wp\/v2\/types\/product"}],"version-history":[{"count":1,"href":"https:\/\/profika.com.pl\/index.php\/wp-json\/wp\/v2\/product\/31730\/revisions"}],"predecessor-version":[{"id":31734,"href":"https:\/\/profika.com.pl\/index.php\/wp-json\/wp\/v2\/product\/31730\/revisions\/31734"}],"wp:featuredmedia":[{"embeddable":true,"href":"https:\/\/profika.com.pl\/index.php\/wp-json\/wp\/v2\/media\/31731"}],"wp:attachment":[{"href":"https:\/\/profika.com.pl\/index.php\/wp-json\/wp\/v2\/media?parent=31730"}],"wp:term":[{"taxonomy":"product_brand","embeddable":true,"href":"https:\/\/profika.com.pl\/index.php\/wp-json\/wp\/v2\/product_brand?post=31730"},{"taxonomy":"product_cat","embeddable":true,"href":"https:\/\/profika.com.pl\/index.php\/wp-json\/wp\/v2\/product_cat?post=31730"},{"taxonomy":"product_tag","embeddable":true,"href":"https:\/\/profika.com.pl\/index.php\/wp-json\/wp\/v2\/product_tag?post=31730"}],"curies":[{"name":"wp","href":"https:\/\/api.w.org\/{rel}","templated":true}]}}