{"id":31814,"date":"2026-02-23T11:38:12","date_gmt":"2026-02-23T10:38:12","guid":{"rendered":"https:\/\/profika.com.pl\/?post_type=product&#038;p=31814"},"modified":"2026-02-23T11:39:28","modified_gmt":"2026-02-23T10:39:28","slug":"podkaszarka-powerload-multi-tool-sta1600-ego-power","status":"publish","type":"product","link":"https:\/\/profika.com.pl\/index.php\/produkt\/podkaszarka-powerload-multi-tool-sta1600-ego-power\/","title":{"rendered":"Podkaszarka POWERLOAD Multi-tool STA1600 EGO POWER+"},"content":{"rendered":"<p>Precyzyjnie przycinaj traw\u0119 wzd\u0142u\u017c ogrodze\u0144 i \u015bcian. Urz\u0105dzenie posiada nasz\u0105 g\u0142owic\u0119 Powerload, kt\u00f3ra u\u0142atwia wymian\u0119 \u017cy\u0142ki.<br \/>\nTo narz\u0119dzie jest wyposa\u017cone w wiele funkcji, kt\u00f3re oszcz\u0119dzaj\u0105 czas i pomagaj\u0105 w bezpiecznej, szybkiej i wydajnej pracy.<\/p>\n","protected":false},"excerpt":{"rendered":"<p>Precyzyjnie przycinaj traw\u0119 wzd\u0142u\u017c ogrodze\u0144 i \u015bcian. Urz\u0105dzenie posiada nasz\u0105 g\u0142owic\u0119 Powerload, kt\u00f3ra u\u0142atwia wymian\u0119 \u017cy\u0142ki. To narz\u0119dzie jest wyposa\u017cone<\/p>\n","protected":false},"featured_media":31815,"template":"","meta":[],"product_brand":[103],"product_cat":[74,75],"product_tag":[],"class_list":{"0":"post-31814","1":"product","2":"type-product","3":"status-publish","4":"has-post-thumbnail","6":"product_brand-ego","7":"product_cat-narzedzia","8":"product_cat-podkaszarki","10":"first","11":"instock","12":"sale","13":"shipping-taxable","14":"purchasable","15":"product-type-simple"},"aioseo_notices":[],"_links":{"self":[{"href":"https:\/\/profika.com.pl\/index.php\/wp-json\/wp\/v2\/product\/31814","targetHints":{"allow":["GET"]}}],"collection":[{"href":"https:\/\/profika.com.pl\/index.php\/wp-json\/wp\/v2\/product"}],"about":[{"href":"https:\/\/profika.com.pl\/index.php\/wp-json\/wp\/v2\/types\/product"}],"version-history":[{"count":4,"href":"https:\/\/profika.com.pl\/index.php\/wp-json\/wp\/v2\/product\/31814\/revisions"}],"predecessor-version":[{"id":31821,"href":"https:\/\/profika.com.pl\/index.php\/wp-json\/wp\/v2\/product\/31814\/revisions\/31821"}],"wp:featuredmedia":[{"embeddable":true,"href":"https:\/\/profika.com.pl\/index.php\/wp-json\/wp\/v2\/media\/31815"}],"wp:attachment":[{"href":"https:\/\/profika.com.pl\/index.php\/wp-json\/wp\/v2\/media?parent=31814"}],"wp:term":[{"taxonomy":"product_brand","embeddable":true,"href":"https:\/\/profika.com.pl\/index.php\/wp-json\/wp\/v2\/product_brand?post=31814"},{"taxonomy":"product_cat","embeddable":true,"href":"https:\/\/profika.com.pl\/index.php\/wp-json\/wp\/v2\/product_cat?post=31814"},{"taxonomy":"product_tag","embeddable":true,"href":"https:\/\/profika.com.pl\/index.php\/wp-json\/wp\/v2\/product_tag?post=31814"}],"curies":[{"name":"wp","href":"https:\/\/api.w.org\/{rel}","templated":true}]}}